{"id":7,"date":"2025-04-15T02:13:24","date_gmt":"2025-04-15T00:13:24","guid":{"rendered":"https:\/\/www.aravis-ce.com\/?page_id=7"},"modified":"2025-04-17T02:07:25","modified_gmt":"2025-04-17T00:07:25","slug":"services","status":"publish","type":"page","link":"https:\/\/www.aravis-ce.com\/index.php\/services\/","title":{"rendered":"Services"},"content":{"rendered":"\n<div class=\"wp-block-group alignfull six-services has-gray-background-color has-background is-layout-constrained wp-container-core-group-is-layout-0929ba60 wp-block-group-is-layout-constrained\" style=\"margin-top:0;margin-bottom:var(--wp--preset--spacing--xx-large);padding-top:var(--wp--preset--spacing--medium);padding-right:0;padding-bottom:var(--wp--preset--spacing--medium);padding-left:0\">\n<div style=\"height:1rem\" aria-hidden=\"true\" class=\"wp-block-spacer\"><\/div>\n\n\n\n<p class=\"has-text-align-center p-animation-text-moveUp\">Services<\/p>\n\n\n\n<h2 class=\"wp-block-heading has-text-align-center p-animation-text-moveUp\">Les solutions que nous offrons<\/h2>\n\n\n\n<p class=\"has-text-align-left p-animation-text-moveUp\"><strong>ARAVIS CE <\/strong> offre une <strong>palette \u00e9tendue de services<\/strong> pour accompagner les repr\u00e9sentants du personnel dans <strong>tous les aspects du dialogue social et des ressources humaines<\/strong>. De la <strong>formation<\/strong> \u00e0 <strong>l&#8217;assistance strat\u00e9gique<\/strong>, en passant par la <strong>m\u00e9diation<\/strong> ou le <strong>diagnostic organisationnel<\/strong>, nos interventions visent toujours \u00e0 <strong>concilier la performance \u00e9conomique et le progr\u00e8s social<\/strong>, dans un esprit de partenariat avec l\u2019ensemble des acteurs de l\u2019entreprise. Gr\u00e2ce \u00e0 notre expertise pluridisciplinaire et \u00e0 notre approche personnalis\u00e9e, <strong>ARAVIS CE<\/strong> contribue \u00e0 construire des relations de travail de qualit\u00e9, gages de <strong>p\u00e9rennit\u00e9 et de bien-\u00eatre<\/strong> au sein des organisations.<\/p>\n\n\n\n<div class=\"wp-block-columns p-animation-text-moveUp is-layout-flex wp-container-core-columns-is-layout-df70c5d9 wp-block-columns-is-layout-flex\" style=\"padding-top:var(--wp--preset--spacing--medium);padding-bottom:var(--wp--preset--spacing--medium)\">\n<div class=\"wp-block-column is-vertically-aligned-center has-white-background-color has-background is-layout-flow wp-block-column-is-layout-flow\" style=\"border-style:none;border-width:0px;padding-top:var(--wp--preset--spacing--large);padding-right:var(--wp--preset--spacing--small);padding-bottom:var(--wp--preset--spacing--large);padding-left:var(--wp--preset--spacing--small)\">\n<figure class=\"wp-block-image aligncenter size-full is-resized\"><img decoding=\"async\" src=\"https:\/\/www.aravis-ce.com\/wp-content\/themes\/prespa\/assets\/img\/patterns\/icons\/check-square.svg\" alt=\"\" class=\"wp-image-256\" style=\"width:40px;height:40px\"\/><\/figure>\n\n\n\n<h5 class=\"wp-block-heading has-text-align-center\" style=\"padding-top:var(--wp--preset--spacing--xx-small);letter-spacing:-0.03em;line-height:1.1\"><strong>Formation des IRP<\/strong><\/h5>\n<\/div>\n\n\n\n<div class=\"wp-block-column is-vertically-aligned-center has-grey-background-color has-white-background-color has-background is-layout-flow wp-block-column-is-layout-flow\" style=\"padding-top:var(--wp--preset--spacing--large);padding-right:var(--wp--preset--spacing--small);padding-bottom:var(--wp--preset--spacing--large);padding-left:var(--wp--preset--spacing--small)\">\n<figure class=\"wp-block-image aligncenter size-full is-resized\"><img decoding=\"async\" src=\"https:\/\/www.aravis-ce.com\/wp-content\/themes\/prespa\/assets\/img\/patterns\/icons\/collaboration-support.svg\" alt=\"\" class=\"wp-image-254\" style=\"width:40px;height:40px\"\/><\/figure>\n\n\n\n<h5 class=\"wp-block-heading has-text-align-center\" style=\"padding-top:var(--wp--preset--spacing--xx-small);letter-spacing:-0.03em;line-height:1.1\"> <strong>Conseil aux IRP<\/strong><\/h5>\n<\/div>\n\n\n\n<div class=\"wp-block-column is-vertically-aligned-center has-white-background-color has-background is-layout-flow wp-block-column-is-layout-flow\" style=\"padding-top:var(--wp--preset--spacing--large);padding-right:var(--wp--preset--spacing--small);padding-bottom:var(--wp--preset--spacing--large);padding-left:var(--wp--preset--spacing--small)\">\n<figure class=\"wp-block-image aligncenter size-full is-resized\"><img decoding=\"async\" src=\"https:\/\/www.aravis-ce.com\/wp-content\/themes\/prespa\/assets\/img\/patterns\/icons\/user-friendly.svg\" alt=\"\" class=\"wp-image-253\" style=\"width:40px;height:40px\"\/><\/figure>\n\n\n\n<h5 class=\"wp-block-heading has-text-align-center\" style=\"padding-top:var(--wp--preset--spacing--xx-small);letter-spacing:-0.04em;line-height:1.1\"><strong>Droit du travail<\/strong><\/h5>\n<\/div>\n<\/div>\n\n\n\n<div class=\"wp-block-columns p-animation-text-moveUp is-layout-flex wp-container-core-columns-is-layout-c0ed80d6 wp-block-columns-is-layout-flex\" style=\"padding-top:0;padding-bottom:var(--wp--preset--spacing--large)\">\n<div class=\"wp-block-column is-vertically-aligned-center has-white-background-color has-background is-layout-flow wp-block-column-is-layout-flow\" style=\"padding-top:var(--wp--preset--spacing--large);padding-right:var(--wp--preset--spacing--small);padding-bottom:var(--wp--preset--spacing--large);padding-left:var(--wp--preset--spacing--small)\">\n<figure class=\"wp-block-image aligncenter size-full is-resized\"><img decoding=\"async\" src=\"https:\/\/www.aravis-ce.com\/wp-content\/themes\/prespa\/assets\/img\/patterns\/icons\/user-check.svg\" alt=\"\" class=\"wp-image-253\" style=\"width:40px;height:40px\"\/><\/figure>\n\n\n\n<h5 class=\"wp-block-heading has-text-align-center\" style=\"padding-top:var(--wp--preset--spacing--xx-small);letter-spacing:-0.04em;line-height:1.1\"><strong>Qualit\u00e9 de vie au travail <\/strong><br><strong>(QVT)<\/strong> <\/h5>\n<\/div>\n\n\n\n<div class=\"wp-block-column is-vertically-aligned-center has-grey-background-color has-white-background-color has-background is-layout-flow wp-block-column-is-layout-flow\" style=\"padding-top:var(--wp--preset--spacing--large);padding-right:var(--wp--preset--spacing--small);padding-bottom:var(--wp--preset--spacing--large);padding-left:var(--wp--preset--spacing--small)\">\n<figure class=\"wp-block-image aligncenter size-full is-resized\"><img decoding=\"async\" src=\"https:\/\/www.aravis-ce.com\/wp-content\/themes\/prespa\/assets\/img\/patterns\/icons\/code.svg\" alt=\"\" class=\"wp-image-254\" style=\"width:40px;height:40px\"\/><\/figure>\n\n\n\n<h5 class=\"wp-block-heading has-text-align-center\" style=\"padding-top:var(--wp--preset--spacing--xx-small);letter-spacing:-0.03em;line-height:1.1\"><strong>Sant\u00e9 S\u00e9curit\u00e9 Conditions de Travail (SSCT)<\/strong><\/h5>\n<\/div>\n\n\n\n<div class=\"wp-block-column is-vertically-aligned-center has-white-background-color has-background is-layout-flow wp-block-column-is-layout-flow\" style=\"border-style:none;border-width:0px;padding-top:var(--wp--preset--spacing--large);padding-right:var(--wp--preset--spacing--small);padding-bottom:var(--wp--preset--spacing--large);padding-left:var(--wp--preset--spacing--small)\">\n<figure class=\"wp-block-image aligncenter size-full is-resized\"><img decoding=\"async\" src=\"https:\/\/www.aravis-ce.com\/wp-content\/themes\/prespa\/assets\/img\/patterns\/icons\/command.svg\" alt=\"\" class=\"wp-image-256\" style=\"width:40px;height:40px\"\/><\/figure>\n\n\n\n<h5 class=\"wp-block-heading has-text-align-center\" style=\"padding-top:var(--wp--preset--spacing--xx-small);letter-spacing:-0.03em;line-height:1.1\"><strong>N\u00e9gociation collective <\/strong><br><strong>(NAO &#8211; PSE)<\/strong><\/h5>\n<\/div>\n<\/div>\n<\/div>\n\n\n\n<div class=\"wp-block-group why-choose-us p-animation-text-moveUp has-surface-background-color has-background is-layout-constrained wp-container-core-group-is-layout-515ed75b wp-block-group-is-layout-constrained\" style=\"padding-top:var(--wp--preset--spacing--large);padding-right:0;padding-bottom:var(--wp--preset--spacing--x-large);padding-left:0\">\n<h2 class=\"wp-block-heading has-text-align-center\">Faites passer votre id\u00e9e au niveau sup\u00e9rieur<\/h2>\n\n\n\n<p class=\"has-text-align-center\" style=\"padding-bottom:var(--wp--preset--spacing--small)\">Lib\u00e9rez la puissance de la cr\u00e9ativit\u00e9<\/p>\n\n\n\n<div class=\"wp-block-columns is-layout-flex wp-container-core-columns-is-layout-010e51cd wp-block-columns-is-layout-flex\">\n<div class=\"wp-block-column is-layout-flow wp-block-column-is-layout-flow\">\n<figure class=\"wp-block-image size-full has-custom-border\"><img fetchpriority=\"high\" decoding=\"async\" width=\"640\" height=\"366\" src=\"https:\/\/www.aravis-ce.com\/wp-content\/uploads\/2025\/04\/IMG_3605.png\" alt=\"\" class=\"wp-image-33\" style=\"border-radius:6px\" srcset=\"https:\/\/www.aravis-ce.com\/wp-content\/uploads\/2025\/04\/IMG_3605.png 640w, https:\/\/www.aravis-ce.com\/wp-content\/uploads\/2025\/04\/IMG_3605-600x343.png 600w, https:\/\/www.aravis-ce.com\/wp-content\/uploads\/2025\/04\/IMG_3605-300x172.png 300w\" sizes=\"(max-width: 640px) 100vw, 640px\" \/><\/figure>\n\n\n\n<h3 class=\"wp-block-heading\" style=\"padding-top:var(--wp--preset--spacing--medium);padding-bottom:0;letter-spacing:-0.02em;line-height:1.2\">Expertises &amp; Conseils <\/h3>\n\n\n\n<p class=\"has-text-align-left\" style=\"margin-bottom:var(--wp--preset--spacing--medium)\">Accompagnement des comit\u00e9s sociaux et \u00e9conomiques (CSE) et autres instances dans leurs missions.<\/p>\n\n\n\n<div class=\"wp-block-buttons is-layout-flex wp-block-buttons-is-layout-flex\">\n<div class=\"wp-block-button p-btn-animation-border-move\"><a class=\"wp-block-button__link wp-element-button\" href=\"#\" style=\"padding-top:16px;padding-right:20px;padding-bottom:16px;padding-left:20px\">Lire la suite<\/a><\/div>\n<\/div>\n<\/div>\n\n\n\n<div class=\"wp-block-column is-layout-flow wp-block-column-is-layout-flow\">\n<h3 class=\"wp-block-heading\" style=\"padding-bottom:0;letter-spacing:-0.02em;line-height:1.2\">Renforcer votre mandat par la formation<\/h3>\n\n\n\n<p>Des programmes de formation adapt\u00e9s aux besoins des repr\u00e9sentants du personnel.<br>Agr\u00e9ments de la DREETS pour la formation ECONOMIQUE &amp; SSCT.<\/p>\n\n\n\n<div class=\"wp-block-buttons is-layout-flex wp-block-buttons-is-layout-flex\" style=\"margin-bottom:var(--wp--preset--spacing--x-large)\">\n<div class=\"wp-block-button p-btn-animation-border-move\"><a class=\"wp-block-button__link wp-element-button\" href=\"#\" style=\"padding-top:16px;padding-right:20px;padding-bottom:16px;padding-left:20px\">Lire la suite<\/a><\/div>\n<\/div>\n\n\n\n<figure class=\"wp-block-image size-full is-resized has-custom-border\"><img decoding=\"async\" width=\"640\" height=\"640\" src=\"https:\/\/www.aravis-ce.com\/wp-content\/uploads\/2025\/04\/9D8A6941-B7BA-4486-B692-16ED9146DDAB.png\" alt=\"\" class=\"wp-image-32\" style=\"border-radius:6px;width:401px;height:auto\" srcset=\"https:\/\/www.aravis-ce.com\/wp-content\/uploads\/2025\/04\/9D8A6941-B7BA-4486-B692-16ED9146DDAB.png 640w, https:\/\/www.aravis-ce.com\/wp-content\/uploads\/2025\/04\/9D8A6941-B7BA-4486-B692-16ED9146DDAB-300x300.png 300w, https:\/\/www.aravis-ce.com\/wp-content\/uploads\/2025\/04\/9D8A6941-B7BA-4486-B692-16ED9146DDAB-100x100.png 100w, https:\/\/www.aravis-ce.com\/wp-content\/uploads\/2025\/04\/9D8A6941-B7BA-4486-B692-16ED9146DDAB-600x600.png 600w, https:\/\/www.aravis-ce.com\/wp-content\/uploads\/2025\/04\/9D8A6941-B7BA-4486-B692-16ED9146DDAB-150x150.png 150w\" sizes=\"(max-width: 640px) 100vw, 640px\" \/><\/figure>\n<\/div>\n<\/div>\n<\/div>\n","protected":false},"excerpt":{"rendered":"<p>Services Les solutions que nous offrons ARAVIS CE offre une palette \u00e9tendue de services pour&hellip;<\/p>\n","protected":false},"author":1,"featured_media":0,"parent":0,"menu_order":0,"comment_status":"closed","ping_status":"closed","template":"","meta":{"footnotes":""},"class_list":["post-7","page","type-page","status-publish","hentry"],"_links":{"self":[{"href":"https:\/\/www.aravis-ce.com\/index.php\/wp-json\/wp\/v2\/pages\/7","targetHints":{"allow":["GET"]}}],"collection":[{"href":"https:\/\/www.aravis-ce.com\/index.php\/wp-json\/wp\/v2\/pages"}],"about":[{"href":"https:\/\/www.aravis-ce.com\/index.php\/wp-json\/wp\/v2\/types\/page"}],"author":[{"embeddable":true,"href":"https:\/\/www.aravis-ce.com\/index.php\/wp-json\/wp\/v2\/users\/1"}],"replies":[{"embeddable":true,"href":"https:\/\/www.aravis-ce.com\/index.php\/wp-json\/wp\/v2\/comments?post=7"}],"version-history":[{"count":7,"href":"https:\/\/www.aravis-ce.com\/index.php\/wp-json\/wp\/v2\/pages\/7\/revisions"}],"predecessor-version":[{"id":55,"href":"https:\/\/www.aravis-ce.com\/index.php\/wp-json\/wp\/v2\/pages\/7\/revisions\/55"}],"wp:attachment":[{"href":"https:\/\/www.aravis-ce.com\/index.php\/wp-json\/wp\/v2\/media?parent=7"}],"curies":[{"name":"wp","href":"https:\/\/api.w.org\/{rel}","templated":true}]}}